 = -4*c - z + 259. What is the greatest common divisor of 18 and c?
18
Let f = -87 + 102. What is the highest common divisor of f and 30?
15
Let r = 32 - 0. Suppose r = 4*i - 0*i. What is the greatest common factor of 20 and i?
4
Suppose l - 9 = -4*a, -4*l - 1 + 37 = a. Let j be (-264)/(-15) + l/(-15). Calculate the greatest common factor of j and 34.
17
Suppose 0 = -c + 5*p + 5, p = -c - 3*p + 23. Calculate the highest common divisor of 75 and c.
15
Suppose 5*l = 4*l - 15. Let u be (-80)/(-3)*l/(-5). Calculate the highest common divisor of 32 and u.
16
Suppose 0*g = 3*g - 1200. Calculate the greatest common factor of g and 50.
50
Suppose -2*k = -6 - 4. Suppose 3*i - 134 - 31 = -2*r, 0 = 5*r. What is the greatest common divisor of i and k?
5
Let y = 2 + -12. Let w = y + 6. Let b be 28/(-21)*6/w. What is the greatest common factor of 22 and b?
2
Let h be -1 - 5/(15/6). Let o be -2*(1170/4)/h. Suppose -2*l = l - o. What is the highest common factor of 13 and l?
13
Suppose 1408 + 77 = 5*c. Let i = -13 + 16. Suppose i*r = 70 + 11. What is the greatest common divisor of c and r?
27
Let t be (-12)/(-15)*(-15)/2. Let g be ((-34)/2)/(2/t). Calculate the highest common divisor of g and 34.
17
Let d(q) = 42*q**2 - 2*q + 2. Let i be d(1). Calculate the highest common factor of 6 and i.
6
Let m be ((-41)/(-21) - (-2)/(-7))*93. What is the highest common divisor of 31 and m?
31
Let b = 41 - 22. What is the highest common divisor of b and 19?
19
Let s = -80 + 176. Calculate the greatest common divisor of 32 and s.
32
Suppose -5*w + 3*w + 16 = 0. Let m(g) = 2*g**2 - 8*g - 2. Let b be m(9). What is the highest common factor of b and w?
8
Suppose 16 = -0*z + 4*z. What is the highest common divisor of z and 12?
4
Let z be 76/18 - (-4)/(-18). Suppose -z*o = -k + 18 + 20, -5*k = 3*o - 75. What is the greatest common divisor of k and 36?
18
Let y = 29 + -14. Let g = -8 + y. Calculate the highest common factor of g and 7.
7
Suppose 3*n - 5*n = -4*s - 26, -5*s - 28 = 2*n. Let q be 89 - -2*(-3)/s. Let f be (q - (2 - 1)) + 1. What is the highest common factor of f and 10?
10
Let s be (-2)/(8/(-36)) + 2. Calculate the greatest common factor of s and 77.
11
Suppose 0 = -4*n + 67 + 17. Let a = 502 - 271. What is the highest common divisor of n and a?
21
Let o = -65 + 93. Calculate the highest common divisor of o and 42.
14
Let v = 176 - 124. What is the greatest common divisor of 13 and v?
13
Let m be (-6 - (0 + -2))*(-299)/52. Calculate the greatest common divisor of m and 23.
23
Suppose -13*h + 18*h = 10. What is the highest common factor of h and 14?
2
Let g be 360/(-42)*(-42)/4. Calculate the highest common divisor of 10 and g.
10
Let b = -8 + 5. Let w = 7 + b. What is the greatest common factor of w and 2?
2
Let i(z) = 2*z**2 - 59*z - 36. Let j be i(31). Calculate the highest common divisor of j and 3.
3
Let y = -35 + 51. Suppose -2*i + 0*i + c = -2, 4*i - 16 = 5*c. Let b(t) = -112*t. Let p be b(i). What is the greatest common factor of p and y?
16
Suppose 0 = -2*z + w + 53 - 16, -4*w = 4. Let s = 59 - 14. Calculate the greatest common divisor of z and s.
9
Let g(i) = i**3 + 5*i**2 + 5*i + 6. Let v be (5/(-10))/(1/8). Let p be g(v). Calculate the highest common factor of p and 18.
2
Suppose 2*a + 4*o = 58, 0*o = 5*a + 2*o - 137. Calculate the highest common factor of a and 108.
27
Suppose -4*w - 4*i + 5 = -95, 155 = 5*w - i. Calculate the greatest common factor of 270 and w.
30
Let h(b) = 2*b - 2. Let i be h(7). Let z = 24 - i. Let f be (576/(-40))/(6/(-40)). Calculate the greatest common factor of z and f.
12
Let y = 33 - 31. What is the greatest common divisor of 8 and y?
2
Let b(r) = r. Let i be b(0). Suppose i - 10 = -2*v. Calculate the highest common divisor of v and 25.
5
Let t = -21 - -26. Suppose 0 = -0*z + t*z - 15. Calculate the greatest common divisor of z and 33.
3
Let s = 159 + -107. Suppose 14 + s = 3*m. What is the greatest common factor of m and 33?
11
Let y = 4 - 3. Let r be 20/(y/4*2). Calculate the highest common factor of 16 and r.
8
Let l be (-2)/12 + (-674)/(-12). Let m be (l/6)/(4/(-12)). Let p = -6 - m. What is the highest common divisor of 198 and p?
22
Suppose 0 = -5*d + 60. Let i(j) = j**3 - 14*j**2 + j + 10. Let g be i(14). Calculate the greatest common factor of g and d.
12
Let n(q) = 4*q**3 - 3*q**2 - 6*q + 1. Let s be n(4). Calculate the highest common factor of 74 and s.
37
Let j(c) = -c + 2. Let i(x) = -2*x + 18. Let m be i(12). Let y be j(m). What is the highest common divisor of 16 and y?
8
Let m be (5/(-4))/((-2)/16). Calculate the greatest common divisor of 30 and m.
10
Let j(h) = 109*h + 1. Let g be j(1). What is the highest common divisor of 10 and g?
10
Let m = -20 - -25. Let k be 1/m + (-1106)/(-70). Calculate the greatest common factor of 4 and k.
4
Let l be 0 + (-3)/(-1) + 1. What is the highest common factor of 28 and l?
4
Suppose -4*i + 7*i + 4*m = 152, -3*m + 103 = 2*i. Suppose -d = -2*d + 4. What is the highest common factor of i and d?
4
Suppose -5*w + 17 = -8. Let u be 56/(-6) + (-6)/9. Let y be (u/(-6))/((-3)/(-45)). What is the highest common factor of w and y?
5
Suppose 0*u + 3*u = -12, -z + 2*u = -7. Let x be z/4 - (-260)/16. Calculate the greatest common divisor of 48 and x.
16
Suppose -4*w + 69 = 9. What is the highest common divisor of w and 5?
5
Let b(i) = 2*i + 3. Let o be b(6). Let h = -5 + 11. Calculate the highest common factor of o and h.
3
Let x(z) = 7*z - 2. Let f be x(-6). Let r = -26 - f. Let m(l) = -l**3 + 6*l**2 + 3*l + 1. Let g be m(4). What is the highest common factor of g and r?
9
Let b(j) = -j**3 - 5*j**2 - 3*j - 10. Let q be b(-5). What is the highest common factor of 2 and q?
1
Let x = 11 + 1. Let v = 10 - 8. Suppose -k = -b - 7 - 9, 4*k - 68 = v*b. Calculate the highest common factor of x and k.
6
Let o be 3 + (0 - -3) + -1. Suppose r = 4*f + 62, 0 = -3*r - 0*f + o*f + 193. Calculate the highest common factor of r and 6.
6
Let n = -2 + 7. Suppose y - 28 = -5*c, -3*y + n*y - 32 = 2*c. Suppose 4*a - 4*r - 64 = 0, 5*a - 105 + 9 = -3*r. What is the greatest common divisor of a and y?
18
Let s be (-78)/(-21) - (-4)/14. Suppose 5*v = s + 1. What is the highest common factor of 1 and v?
1
Let c be 0 - (4 + -3 + -4). Suppose -s = -0*s - 9. Calculate the greatest common factor of c and s.
3
Suppose -1 = 2*a - 9. Suppose a = 4*h - 0*h. Suppose -5*q = 3*l - 71, q = 3*l - h - 64. Calculate the highest common divisor of 88 and l.
22
Let z(t) = 6 + 8 + 2*t + 7*t. Let a(i) = 3*i + 5. Let k(y) = 8*a(y) - 3*z(y). Let x be k(-6). What is the greatest common factor of 144 and x?
16
Suppose 0*o - 990 = -3*o. Suppose o = 5*w - 0*w. Calculate the highest common divisor of w and 6.
6
Let z be 0*3/(-6 - -3). Let t be z - -2 - (-24 - -2). What is the greatest common factor of t and 6?
6
Suppose 4*i - 5*g = 61, -3*i + g = -0 - 43. Let n = 10 - i. Let f be (-4)/(-2 + n/(-3)). What is the highest common factor of 2 and f?
2
Let i(f) = -5*f + 7. Let o be i(-3). Calculate the greatest common divisor of o and 11.
11
Let k(z) = 4*z + 1. Let c = -4 - -1. Let n = -2 - c. Let p be k(n). Calculate the greatest common factor of p and 25.
5
Let q = -42 - -105. Let s(h) = -5 + 7*h**3 - h**2 + 6 + 2*h**2 - 2*h. Let j be s(1). What is the greatest common divisor of j and q?
7
Suppose 3*x = -4*i + 298, -5*x + 3*i + 489 = 2*i. What is the highest common divisor of 14 and x?
14
Let m be (-19)/3 - 1/(-3). Suppose -2*o + 5 + 27 = 0. Let f = m + o. Calculate the greatest common factor of 20 and f.
10
Suppose -2*g = -2*z + 566, 4*z - 8*g + 7*g = 1147. Calculate the greatest common divisor of z and 32.
32
Suppose 134 + 82 = 2*k. Calculate the highest common factor of k and 12.
12
Suppose -3 = 3*u - 0. Let v be u - (3 + -5) - -4. What is the greatest common factor of v and 2?
1
Let a(c) = -c + 23. Let i be a(-7). Let r(g) = -g. Let m be r(0). Suppose 4*l - o - 21 = 2, m = -5*o + 5. Calculate the highest common divisor of i and l.
6
Suppose 8*u + 16 - 88 = 0. Calculate the greatest common factor of 36 and u.
9
Let r(l) = -2*l**3 - 2*l**2 + 1. Let k be r(-1). Let p be (k/3)/(2/30). Let b = -72 - -122. Calculate the highest common divisor of b and p.
5
Let k(y) = y**3 - 3*y**2 - y + 28. Let a be k(4). What is the highest common factor of 